et s(n) = 6 + 4 + 2*n + 3 - 3*n. Let x be s(9). Calculate the highest common divisor of 24 and x.
4
Suppose -4*w - 4*g + 685 = -347, -3*w + 5*g + 734 = 0. What is the greatest common divisor of w and 23?
23
Suppose 22 = 2*o + 2*a, -3*o + a = -a - 28. Let y be o/4 + (-24)/16. Suppose 0*s = -s + y. Calculate the highest common divisor of 8 and s.
1
Let a = -23 - -27. Calculate the greatest common divisor of 1 and a.
1
Suppose -h - 4*g = 3*h + 32, 0 = -4*h - g - 26. Let u = -3 - h. Suppose u*b + 12 = 4*n - n, 12 = 3*b. Calculate the highest common divisor of n and 88.
8
Suppose 6*j - 5*m = j + 25, -4 = 4*j + 4*m. Suppose 3*g + j*g = 200. Calculate the greatest common factor of 16 and g.
8
Let y be (-45)/(-2)*(-14)/(-21). Let x = -65 - -71. Calculate the greatest common divisor of x and y.
3
Let w = 0 - 2. Let n = 4 + w. Calculate the highest common divisor of n and 1.
1
Let l(d) = -d**2 - 11*d + 16. Let i be l(-11). Let y be 1972/i + 1/(-4). Let s = -18 + y. What is the greatest common divisor of 21 and s?
21
Let h be 1/(((-4)/7)/(-4)). Let b(z) = 3*z**2 + 2. Let c be b(2). What is the highest common divisor of c and h?
7
Let m = -3 - -7. Suppose 2*g - 90 = -3*g - 4*a, -5*a + 72 = m*g. Suppose -5*t + 2*l = l - 42, t - 18 = -3*l. Calculate the highest common factor of t and g.
9
Suppose -4*t + 2*p - 14 = 0, 2*t - 5*t - p - 13 = 0. Let l = 13 + t. What is the greatest common divisor of l and 45?
9
Let v be (-6)/((-27)/6 - -3). Suppose v*z - 75 = -z. What is the highest common factor of 6 and z?
3
Let c(q) = -q**3 - 7*q**2 - 7*q + 12. Let d be c(-6). Calculate the greatest common factor of d and 90.
18
Let d = 109 + -64. What is the highest common factor of 30 and d?
15
Let a be -2*(-7 + 6 + 9/(-2)). Calculate the highest common factor of 264 and a.
11
Let z = 74 - 35. Calculate the greatest common factor of 26 and z.
13
Let q(i) = -34*i**2 - i - 1. Let j be q(-1). Let p = 51 + j. Calculate the greatest common factor of p and 51.
17
Suppose 0 = 5*z - 0*z. Suppose z - 2 = -y. What is the greatest common divisor of 12 and y?
2
Suppose -3 - 19 = -2*a. Let q(c) = -10*c - 5. Let g be q(-6). What is the highest common factor of g and a?
11
Let b = 96 + -28. What is the greatest common divisor of 17 and b?
17
Suppose 3*j + 2*h = -0*j + 31, -2*h = -3*j + 47. Let u = j + 4. Calculate the greatest common factor of 17 and u.
17
Suppose -14 = -3*k + 34. What is the highest common factor of k and 64?
16
Let s = 8 + -5. Suppose s*a + x - 23 = 0, 2*a - 3*x - 9 = -1. Suppose 0 = -3*g + 5 + a. What is the highest common divisor of 6 and g?
2
Let p be ((-20)/(-2))/(-2 - -3). Let t = -4 + p. Suppose -b = -c - 0*c + 12, 4*b - 57 = -3*c. What is the highest common divisor of c and t?
3
Suppose 2*n - 2*b + 0*b = 112, -60 = -n - 3*b. Suppose 1 = -c, 2*z - 3*z + 2*c = -n. Calculate the greatest common divisor of z and 11.
11
Let i be 25/10*42/10*2. What is the highest common factor of i and 7?
7
Let p = -132 + 141. What is the highest common divisor of p and 1?
1
Suppose 4*h - 14*h = -450. Calculate the greatest common factor of h and 10.
5
Suppose 10*t - 11*t = -36. What is the greatest common divisor of 12 and t?
12
Let s be (-1)/(-6) + 334/12. What is the greatest common divisor of s and 14?
14
Suppose -4*s + 7 = b - 77, -2*b - 8 = 0. Let f(q) = -2*q - q**2 + 2 + 0*q + 8*q. Let d be f(6). What is the highest common factor of d and s?
2
Suppose 10*s - 296 = 144. Calculate the highest common divisor of s and 66.
22
Let b(v) be the third derivative of v**4/24 + v**3 - v**2. Let t be b(7). Suppose -3*r = -5*r + 182. Calculate the highest common factor of r and t.
13
Let w be 86/6 + 12/18. Suppose 3*d = 2*d + 75. What is the highest common divisor of d and w?
15
Let o(r) = -r - 2. Let s be o(-5). Suppose f - s - 6 = 0. Suppose 4*m + 11 - 75 = 2*v, -5*v + 20 = 0. What is the greatest common divisor of f and m?
9
Let b = 5 - -2. Suppose -b*v = -10*v + 60. Calculate the greatest common divisor of v and 80.
20
Let c = 8 - 5. Let t be (-2)/(-8) + 333/12. Suppose -t = -2*f - 4*n, c*f - 5*f - 12 = -4*n. Calculate the highest common factor of f and 10.
2
Suppose 3*m - 5 - 2 = 2*z, -21 = z - 5*m. Suppose -3*r + b + 24 = 0, b - 24 = -3*r + z*b. Calculate the highest common divisor of 64 and r.
8
Suppose 5*u + x - 14 = 0, -3*u + 18 = -x + 4*x. Suppose -u - 1 = -3*z. What is the highest common divisor of z and 9?
1
Suppose -6*s + 3*s + 9 = 0. Suppose 2*r - 5*r - 2*f = -28, -r + 31 = 5*f. Suppose s*l - 21 - r = 0. What is the greatest common factor of l and 81?
9
Let v be 4 - (1*-1)/(-1). Suppose 3*p = 5*p. Suppose r + v*r - 64 = p. Calculate the greatest common factor of r and 48.
16
Let t = 284 + -170. Let u(g) = 2*g**2 + 5*g - 6. Let o be u(-5). What is the greatest common divisor of o and t?
19
Let s(g) = 3*g**2 + 9*g - 7. Let w be s(-7). What is the highest common divisor of w and 7?
7
Suppose -3*o + 3 = 3*t, 0 = o - 4*t - 0*t - 1. Let b be 0/(o - 2) + 24. Let z = 42 + -26. What is the greatest common divisor of b and z?
8
Suppose -14*z + 13*z = -22. Calculate the highest common divisor of z and 11.
11
Let v(g) = 14*g**2 + 2*g - 5*g**2 - 2*g - 2. Let d be v(-3). Suppose 61 = 4*s + o, 3*s + 2*s + 4*o = d. Calculate the highest common factor of 6 and s.
3
Let w be 4/6*(-1 + 25). Suppose -3*b + h = -244, 2*b + 5*h + 3 = 143. Suppose -b = -g + 3*n, 570 = 5*g + n + 170. What is the greatest common factor of g and w?
16
Let a be ((-1600)/(-56))/((-4)/(-14)). Let m be -2 - (0 + 0 - 22). What is the greatest common divisor of a and m?
20
Suppose -5*x = -4*x - 3*l - 33, 0 = l. Suppose -6 = -5*h + 3*m, -h = -5*m - 6 + 18. Let n be (-3)/(-9) - (-32)/h. What is the highest common divisor of x and n?
11
Let l be -3 - (33/(-3) - 0). Suppose -2*b + 0*b = -4*c + 6, 0 = 3*c - 5*b - l. What is the greatest common divisor of c and 1?
1
Suppose -3*t = -2*q + 4*q - 12, -5*q + 9 = -3*t. Calculate the highest common divisor of 22 and t.
2
Let j(m) = 5*m - m + 7*m**2 + m**3 + 5 - 10. Let s = -5 + -1. Let o be j(s). Calculate the highest common factor of 63 and o.
7
Let y = 7 + -2. Suppose y*q - 27 - 43 = 0. What is the highest common divisor of 2 and q?
2
Suppose 17*h - 20*h = -147. Calculate the highest common factor of 7 and h.
7
Let l(h) = -h**2 + 12*h + 15. Let a be l(10). Suppose 0 = -0*o - 2*o + 10. What is the highest common factor of o and a?
5
Suppose l = 2*d + 46, -4*l + 5*d + 92 = -2*l. Let a = 120 + -51. What is the greatest common factor of a and l?
23
Let n be (80/(-6))/(4/(-12)). Let d be (n/14)/((-32)/(-112)). Calculate the greatest common factor of 5 and d.
5
Suppose -3*y + 4 = -4*p, y - 4*p + 2*p = 0. Suppose -2*c + y = q, -3*c = -0*c + q - 5. What is the highest common factor of c and 9?
1
Suppose -8*n + 2*n + 6 = 0. Calculate the greatest common divisor of 9 and n.
1
Suppose -12 + 60 = 4*b. Let k be (-3 - 117/5)*-5. Calculate the greatest common divisor of b and k.
12
Let n = -113 - -126. Calculate the highest common factor of 169 and n.
13
Let h(x) = 117*x - 2. Let q be h(2). Suppose 5*d - 153 - q = 0. Calculate the greatest common factor of 11 and d.
11
Let n(m) be the third derivative of m**5/60 - 3*m**4/8 - 13*m**3/6 + 2*m**2. Let d be n(11). Calculate the highest common divisor of d and 99.
9
Let m be ((-2)/(-5))/(((-6)/(-15))/2). What is the greatest common factor of 9 and m?
1
Let b(u) = -u + 5. Let k(x) = -6. Let i(p) = 7*b(p) + 6*k(p). Let r be i(-2). Calculate the greatest common divisor of 39 and r.
13
Let q(b) = -b + 5. Let d be q(7). Let a be (10/4)/((-1)/d). Calculate the greatest common divisor of 30 and a.
5
Let h(t) = -t**3 + 11*t**2 + 14*t - 9. Let i be h(12). Let c be -2 + 2 + (-96)/2. Let x be (c/i)/((-4)/10). Calculate the highest common factor of 80 and x.
8
Suppose 8*h - 1728 = -h. Calculate the highest common factor of h and 24.
24
Let m be -18*7/(42/(-8)). Calculate the highest common factor of 8 and m.
8
Suppose -3*p + t = -18, -t + 20 = 5*p - 2. Suppose 0 = q + q - i - 112, -57 = -q + i. What is the highest common factor of q and p?
5
Suppose 6*w - 110 = w. Suppose -573 = -4*z - 5*y, z - 3*y = -y + 153. Suppose 5*q - z = 18. What is the highest common divisor of q and w?
11
Suppose 0*m - 4*m + 276 = 0. Let a be ((-23)/2)/((-3)/12). What is the greatest co